 3))?
6
What is 12 + 1 + -16 - -11?
8
What is the value of -457 + 461 + 9 + -1?
12
What is 1 - -6 - (-82 + 87)?
2
Calculate -5 + -2 + 6 - (-2 - 0).
1
What is the value of (-13 - -6) + (12 - -3)?
8
What is the value of -15 + 40 + 7 + 3?
35
Evaluate -1 - (-11 - (-22 + 9 + -7)).
-10
Calculate -9 - (-9 - (-36 - -61)).
25
What is the value of -20 + 16 - (12 - (2 - -1 - 3))?
-16
Evaluate -20 + -19 + (-6 - -49) + (5 - -1).
10
What is (-79 - -75) + (2 - (1 - -2))?
-5
Evaluate 96 + -86 - (-2 + 25).
-13
24 + (-21 - (9 + -24))
18
Evaluate -13 - -9 - -8 - ((-5 - -1) + -5).
13
Calculate (-2 - 0) + -2 + 20 + -8 + 3.
11
Evaluate (-10 - 6) + 1 + 7 - (-4 + 0).
-4
What is the value of (-10 - 4) + (2 - -1 - (-8 + 12))?
-15
-15 + 8 + (-2 - 9)
-18
Calculate -20 - ((-6 - -4) + -12).
-6
What is (7 + 1 - (15 + -9)) + 17 + -6?
13
What is the value of 9 + 5 + (1 - (-6 + 3)) + -5?
13
Evaluate -40 + 23 + 8 + (-4 - -1) + -16.
-28
Evaluate 19 + (-3 - (-7 + 3) - (14 - 8)).
14
Calculate 6 + 29 + -22 + -13.
0
1 + 2 + -16 + 3 - (28 + -27)
-11
What is the value of 3 - ((4 - 9) + 4) - -2?
6
Evaluate -18 + (-12 - -43) - 7.
6
Calculate (24 - (36 - 21)) + -3 + 4 + -4.
6
-19 + 6 + -3 + 5
-11
What is (0 - (1 + 16 + -7)) + 12 + -7?
-5
Calculate 134 + -110 + -46 + 1.
-21
Evaluate 15 + -14 - -5 - -5.
11
Evaluate (-15 - -20 - 2) + 10 + -2 - -1.
12
6 + (-4 - (-7 - -2)) + 4
11
(-16 - (21 + -9)) + -5 - -3
-30
What is the value of 20 + (-26 - -31) + -38?
-13
What is -44 + 54 + -8 + 3 + -11?
-6
What is the value of -5 + -7 + 6 + (1 - 13)?
-18
What is the value of 10 + ((-6 - 10) + 9 + -2 - -12)?
13
Calculate (0 - 37) + (26 - 30 - -10).
-31
What is -17 - 5 - (59 - 82)?
1
Evaluate 3 - 26 - (3 + -13).
-13
Calculate (-18 - 0) + 14 + -4 + -18 + 8.
-18
What is -14 - (31 + -24 - (19 + 1))?
-1
Evaluate 2 + -2 + 1 + -8 - (-4 - 8).
5
What is the value of 42 + 0 - (42 - 50) - 12?
38
Calculate (-20 - (-4 - (5 + 9))) + -20.
-22
Evaluate -358 + 334 + 57 + 1.
34
What is the value of -7 - (3 + (7 - 27)) - 0?
10
-5 + (-18 + 1 - -39)
17
What is the value of -51 + 48 - ((-1 - 9) + -3 + 5)?
5
Evaluate (67 + -22 - 19) + -21.
5
What is 0 + (-7 + (-5 + -2 - -17) - -1)?
4
Calculate -7 + 8 + (-10 - (11 + 15)).
-35
What is the value of -9 + 15 + 1 - (-6 + -5)?
18
What is the value of 5 + 2 + (1 + -4 - 2 - 3)?
-1
What is the value of (4 - -1) + 17 + -34 + 24?
12
Calculate -25 + (2 - 18 - (-1 + -4 + -7)).
-29
What is the value of -30 + 41 + (-10 - -2)?
3
Calculate -13 + -9 - -17 - (-6 + 2).
-1
Calculate (-1 + -3 + 2 + 8 - 3) + 3.
6
(12 + -22 - -16) + (-1 - 6) + 2
1
Calculate -3 - (-6 - -19 - 16).
0
Evaluate 14 + 0 + (-3 - 6 - (-9 - -6)).
8
What is 12 - 19 - (15 + 4)?
-26
What is the value of (19 - (-10 + 34)) + -5?
-10
Evaluate (7 - (0 - -9)) + (-15 - -2).
-15
-1 + -2 + -1 + 15 + (15 - 10)
16
What is -15 + 15 - -8 - (0 + -10 + -2)?
20
Calculate -6 + (-8 - -6) + (-6 - -2).
-12
Evaluate -13 + (3 - 4) + 6.
-8
What is the value of -17 + (9 - -1 - -4)?
-3
What is -31 + (7 - -5) - -13?
-6
Calculate -16 + (8 - 2) + (27 - 0 - -3).
20
Calculate (-55 - -63) + 0 + -13.
-5
4 + -14 - (7 - (2 + -5))
-20
What is the value of 13 - ((-4 - 2) + (-3 + 3 - -6))?
13
(-1 - -17) + 530 + -529
17
-2 + 35 + (14 + 6 + -45 - -20)
28
What is (-40 - (-22 + -25) - (6 + 0)) + 15?
16
Evaluate -11 - -3 - -2 - (27 + -41 + -10).
18
Calculate -4 - (6 + (-3 - 3)).
-4
-8 - (-2 + (-18 - 7) + 10)
9
Calculate (1 - 18) + 5 + 14 + (9 - 30).
-19
What is the value of -13 + -11 + (-12 - (-19 - -3))?
-20
Calculate (-28 + 11 - -3) + 17.
3
Calculate (10 - 7 - -11) + -4.
10
What is the value of 5 + (-6 + (0 - 0 - -8) - 10)?
-3
-10 + 1 + -17 + 17 + 0
-9
What is -1 - -2 - (5 + -7 + 0 + 1)?
2
What is -40 + (28 - -41 - 29)?
0
What is the value of -2 + -3 + (-9 - -13 - 3) + -4?
-8
-2 + 14 + (567 - 586)
-7
Evaluate (261 - 232) + -1 + -3 + -9.
16
What is 8 - ((11 - 4) + -5) - -13?
19
Calculate 13 + -22 - -10 - (5 + 3).
-7
What is -2 - 1 - (83 + -83) - (1 - 0)?
-4
Evaluate 19 + (-4 - (0 + (0 - 1))) + -7.
9
Calculate 14 + -11 - (8 + -2 + 4).
-7
What is the value of -215 - -213 - (27 - 4)?
-25
Calculate -14 + 19 + 0 + -3 - (12 - 0).
-10
Evaluate -24 - (-5 + 20) - -18.
-21
Evaluate 71 - 41 - 18 - (3 + -1).
10
Evaluate -26 + (21 - (8 - -10)).
-23
Calculate -6 - ((1 - 13) + (-168 - -169)).
5
What is 9 - (-7 - (-3 + -13))?
0
-26 - (25 - 22 - 51)
22
Evaluate 2 + (-11 - -1) - (1 - 10).
1
Calculate 11 + -1 + -3 + 31 + -35.
3
Evaluate (4 - (6 - -14)) + 20.
4
What is the value of -111 - -80 - (-15 - 6)?
-10
Calculate (20 - 35) + (-3 - -7).
-11
What is the value of 60 + -57 + (-10 - -1) - -4?
-2
9 + (-7 - -7) + -12 + 8 + 4
9
Calculate 0 - -2 - -1 - (-100 - -96) - 4.
3
Evaluate 4264 + -4256 + (-1 + -7 - 0).
0
(3 - 1) + (4 - 19 - -5 - -10)
2
What is the value of 45 + (-42 + 8 - 12)?
-1
What is -13 + 0 + 1 + (241 - 237)?
-8
What is the value of (-2 - 0) + (0 - (-7 - 3 - -9))?
-1
What is (-5 - 0 - -6) + -3 - 7?
-9
-3 + -1 + (15 - -1)
12
Calculate (7 - (1 + 4) - (26 - 17)) + 12.
5
Evaluate (59 - 48) + -1 + -13.
-3
-7 + (-4 - (5 + -11)) + 6
1
What is the value of 36 + -23 + -13 - 8?
-8
Calculate (-1 - -3) + -2 + 4 - (3 + 1).
0
7 - (-19 - (-2 + -17))
7
What is the value of -17 + 11 + 3 + 17?
14
What is -85 - -89 - (-2 - 21 - -4)?
23
Calculate (15 - (-6 - ((4 - 3) + -11))) + 1.
12
(4 - 8 - (5 - (6 + 2))) + 12
11
What is the value of 15 - -26 - 28 - 37?
-24
Evaluate 9 + (24 - 12) + -33 + 36.
24
What is -7 + (-15 - (-27 + 16))?
-11
Calculate -4 + (1 - (-6 - -1)) - (1 - 9).
10
5 + (-5 - (-2 - 6) - -1) + 1
10
What is -15 + -8 - ((-4 - 5) + 4)?
-18
Calculate -19 + (0 + -4 - (-7 + -1) - 2).
-17
2 + -9 - (11 - 18 - -11)
-11
(-17 - -31) + -21 + -4
-11
Evaluate 43 - ((1 - 0) + 4 - -5 - 0).
33
Evaluate 0 - ((-16 - 12) + 14).
14
What is -9 - (-1 - (-5 + 2 - (-20 + 23)))?
-14
What is the value of 38 + (-23 - -32) - 37?
10
What is -19 + -1 + 0 + (148 - 156) + 5?
-23
What is the value of 8 - (-7 - (-5 - -2) - -3 - -7)?
2
(-1 - (5 + -3 - (-3 + 3))) + -3
-6
Evaluate (-9 - (-3 - -2)) + (1 + 5 - -6).
4
What is 32 - ((3 - -9 - 23) + 16)?
27
Evaluate -444 + 428 + (0 - (1 - -10)) + 6.
-21
23 - (7 + -24 + 45)
-5
What is -10 + (-3 - -2 - 7) + -337 + 339?
-16
What is -18 - (14 - 25) - (7 - 20)?
6
What is the value of -23 + -1 - (-6 - 27)?
9
(-17 + 22 - (-6 + 0)) + -3
8
What is the value of -1534 - -1541 - (1 + 0 + 23)?
-17
31 - 14 - (4 - -28)
-15
Evaluate -37 + (7 - 15) + 24.
-21
What is (-4 - -3) + -5 + (8 + -5 - 9)?
-12
4 + -7 + -5 + (18 - 5 - -7)
12
What is the value of -4 + (1 - 6) + -3 - (2 - -1)?
-15
7 - (9 + -10 + -10) - 3
15
Evaluate 12 + -1 + (-7 - (1 + 1)).
2
Calculate -4 + 1 + (-12 - 2 - (-103 + 93)).
-7
What is the value of 0 - (-105 + 111 + (-6 - -1) + -1)?
0
What is the value of -4 - (34 + -31) - (-1 - 9 - 0)?
3
Evaluate -3 + (0 - -3) - (-162 - -162).
0
Evaluate 1 + 0 - (-13 - ((-9 - 3) + 7)).
9
What is 17 + 0 + (31 - 55)?
-7
What is the value of -14 - (7 - (15 + -7))?
-13
Evaluate 21 - (5 + -5) - (-1 + 1 + 1).
20
-43 + 27 - 9 - -20
-5
What is the value of -28 + (7 - -10) - 7?
-18
What is the value of -6 - (-45 - -13 - -14)?
12
295 + -302 - (8 - (-1 + 0))
-16
Evaluate 6 + (-22 - (-18 + 6)) + 22 + 0.
18
What is -5 - -4 - (5 - 3)?
-3
Calculate 12 + (0 - -22) - 14.
20
16 + -3 + -12 - -8 - 20
-11
Evaluate 9 - -16 - (11 - 2 - 0).
16
What is 6 - (-6 - -4 - (9 + -20))?
-3
Calculate 12 - 13 - (7 + (1 - 0)).
-9
Calculate (-1461 - -1483) + 2 + -15 + 1.
10
What is -2 + (-22 - (-12 + -2))?
-10
What is the value of -1 + 4 + (-10 - (-17 + 5))?
5
What is the value of 72 - (13 - -10) - (11 - -1)?
37
What is (2 - 2) + (2 - (-3 + 1)) + -21?
-17
-9 + 3 + -10 + 7 + 10
1
Calculate 11 - (6 - -7) - (4 - -26 - 5).
-27
What is -2 + (-9 + 24 - 9 - -3)?
7
What is -47 + 50 - (6 - 2 - 0)?
-1
What is the value of 118 - 95 - (8 - 0)?
15
Calculate (103 + -37 - 35) + -30.
1
Calculate 21 + -13 + 3 + (4 - (4 + -7)).
18
Evaluate (-4 - (-1 + 17)) + 12 + -10.
-18
Calculate (2 - -12) + (-108 - -56) - -9.
-29
(-2 - 6) + 13 + 2 + 2
9
What is -1 + 6 + -5 - 1 - (2 + 10)?
-13
Calculate 2 + (1 - 5) + 1 - (-7 - 4).
10
Calculate 1 - ((-2 - -2 - 3) + 10 + -12).
6
Evaluate 24 + (-23 - -16) + 1.
18
What is (3 + -4 + 7 - (-9 + 39)) + -6?
-30
What is 4 - (1 + -1 - -2 - -2 - 6)?
6
What is the value of 3 - (5 - (2 + (18 - 7)))?
11
1 + -6 - (17 + -22)
0
Wh